{"id":68,"date":"2017-03-14T15:23:49","date_gmt":"2017-03-14T15:23:49","guid":{"rendered":"http:\/\/fly-tirol.at\/?page_id=68"},"modified":"2026-03-10T12:32:49","modified_gmt":"2026-03-10T10:32:49","slug":"links","status":"publish","type":"page","link":"https:\/\/www.fly-tirol.at\/?page_id=68","title":{"rendered":"Links"},"content":{"rendered":"\n<h1>\n\t\t\tLinks\t<\/h1>\n<h3>\n\t\t\tEinige n\u00fctzliche Links\t<\/h3>\n\t<p><a href=\"https:\/\/www.dhv.de\/piloteninfos\/wetter\/\">DHV-Flugwetter<\/a><\/p>\n<p><a href=\"https:\/\/flyxc.app\/\">XC-Planning<\/a><\/p>\n<p><a href=\"https:\/\/www.windy.com\/\">Windvorhersagen Windy<\/a><\/p>\n<p><a href=\"https:\/\/lawis.at\/station\/\">LAWIS Wetterstationen<\/a><\/p>\n<p><a href=\"https:\/\/wetterring.at\/profiwetter\/foehndiagramm-tirol\">F\u00f6hndiagramm<\/a><\/p>\n<p><a href=\"https:\/\/holfuy.com\/de\/weather\/1071\">Holfuy Wetterstation Haag<\/a><\/p>\n<p><a href=\"https:\/\/www.austrocontrol.at\/flugwetter\/index.php?lang=en\">Austrocontrol Flugwetter<\/a><\/p>\n<p><a href=\"http:\/\/www.paraglidable.com\/mobile.html\">Paraglideable<\/a><\/p>\n<p><a href=\"https:\/\/meteo-parapente.com\/#\/\">Meteo Parapente H\u00f6henwind\u00fcbersicht<\/a><\/p>\n<p><a href=\"https:\/\/www.homebriefing.com\/fwf-acg\/public\/cms\/cmscontent.faces?contentId=429df59c5e56b2ce015ec8c3f50f0397&amp;menuId=429df59c5e56b2ce015ec8c3f50f0397&amp;fbclid=PAVERFWAQaIn9leHRuA2FlbQIxMABzcnRjBmFwcF9pZA8xMjQwMjQ1NzQyODc0MTQAAaekZsSj_pzT9pMWM1kmON0vEOvYOvgAxFW1I-WAggW1FVN-G0DS5i08ntN8nQ_aem_pw1kEZ2LuuOYeP4v0AKdCw\">National Airspace Use Plan Austria<\/a><\/p>\n\n","protected":false},"excerpt":{"rendered":"<p>Links Einige n\u00fctzliche Links DHV-Flugwetter XC-Planning Windvorhersagen Windy LAWIS Wetterstationen F\u00f6hndiagramm Holfuy Wetterstation Haag Austrocontrol Flugwetter Paraglideable Meteo Parapente H\u00f6henwind\u00fcbersicht National Airspace Use Plan Austria<\/p>\n","protected":false},"author":4,"featured_media":0,"parent":0,"menu_order":0,"comment_status":"closed","ping_status":"closed","template":"","meta":{"footnotes":""},"class_list":["post-68","page","type-page","status-publish","hentry"],"yoast_head":"<!-- This site is optimized with the Yoast SEO plugin v27.4 - https:\/\/yoast.com\/product\/yoast-seo-wordpress\/ -->\n<title>Links - Fly Tirol<\/title>\n<meta name=\"robots\" content=\"index, follow, max-snippet:-1, max-image-preview:large, max-video-preview:-1\" \/>\n<link rel=\"canonical\" href=\"https:\/\/www.fly-tirol.at\/?page_id=68\" \/>\n<meta property=\"og:locale\" content=\"de_DE\" \/>\n<meta property=\"og:type\" content=\"article\" \/>\n<meta property=\"og:title\" content=\"Links - Fly Tirol\" \/>\n<meta property=\"og:description\" content=\"Links Einige n\u00fctzliche Links DHV-Flugwetter XC-Planning Windvorhersagen Windy LAWIS Wetterstationen F\u00f6hndiagramm Holfuy Wetterstation Haag Austrocontrol Flugwetter Paraglideable Meteo Parapente H\u00f6henwind\u00fcbersicht National Airspace Use Plan Austria\" \/>\n<meta property=\"og:url\" content=\"https:\/\/www.fly-tirol.at\/?page_id=68\" \/>\n<meta property=\"og:site_name\" content=\"Fly Tirol\" \/>\n<meta property=\"article:modified_time\" content=\"2026-03-10T10:32:49+00:00\" \/>\n<meta name=\"twitter:card\" content=\"summary_large_image\" \/>\n<script type=\"application\/ld+json\" class=\"yoast-schema-graph\">{\"@context\":\"https:\\\/\\\/schema.org\",\"@graph\":[{\"@type\":\"WebPage\",\"@id\":\"https:\\\/\\\/www.fly-tirol.at\\\/?page_id=68\",\"url\":\"https:\\\/\\\/www.fly-tirol.at\\\/?page_id=68\",\"name\":\"Links - Fly Tirol\",\"isPartOf\":{\"@id\":\"https:\\\/\\\/www.fly-tirol.at\\\/#website\"},\"datePublished\":\"2017-03-14T15:23:49+00:00\",\"dateModified\":\"2026-03-10T10:32:49+00:00\",\"breadcrumb\":{\"@id\":\"https:\\\/\\\/www.fly-tirol.at\\\/?page_id=68#breadcrumb\"},\"inLanguage\":\"de\",\"potentialAction\":[{\"@type\":\"ReadAction\",\"target\":[\"https:\\\/\\\/www.fly-tirol.at\\\/?page_id=68\"]}]},{\"@type\":\"BreadcrumbList\",\"@id\":\"https:\\\/\\\/www.fly-tirol.at\\\/?page_id=68#breadcrumb\",\"itemListElement\":[{\"@type\":\"ListItem\",\"position\":1,\"name\":\"Start\",\"item\":\"https:\\\/\\\/www.fly-tirol.at\\\/\"},{\"@type\":\"ListItem\",\"position\":2,\"name\":\"Links\"}]},{\"@type\":\"WebSite\",\"@id\":\"https:\\\/\\\/www.fly-tirol.at\\\/#website\",\"url\":\"https:\\\/\\\/www.fly-tirol.at\\\/\",\"name\":\"Fly Tirol\",\"description\":\"Drachen und Paragleiter Verein Fieberbrunn\",\"publisher\":{\"@id\":\"https:\\\/\\\/www.fly-tirol.at\\\/#organization\"},\"potentialAction\":[{\"@type\":\"SearchAction\",\"target\":{\"@type\":\"EntryPoint\",\"urlTemplate\":\"https:\\\/\\\/www.fly-tirol.at\\\/?s={search_term_string}\"},\"query-input\":{\"@type\":\"PropertyValueSpecification\",\"valueRequired\":true,\"valueName\":\"search_term_string\"}}],\"inLanguage\":\"de\"},{\"@type\":\"Organization\",\"@id\":\"https:\\\/\\\/www.fly-tirol.at\\\/#organization\",\"name\":\"DFC Fieberbrunn\",\"url\":\"https:\\\/\\\/www.fly-tirol.at\\\/\",\"logo\":{\"@type\":\"ImageObject\",\"inLanguage\":\"de\",\"@id\":\"https:\\\/\\\/www.fly-tirol.at\\\/#\\\/schema\\\/logo\\\/image\\\/\",\"url\":\"https:\\\/\\\/www.fly-tirol.at\\\/wp-content\\\/uploads\\\/2026\\\/04\\\/Logo-transparent.png\",\"contentUrl\":\"https:\\\/\\\/www.fly-tirol.at\\\/wp-content\\\/uploads\\\/2026\\\/04\\\/Logo-transparent.png\",\"width\":894,\"height\":275,\"caption\":\"DFC Fieberbrunn\"},\"image\":{\"@id\":\"https:\\\/\\\/www.fly-tirol.at\\\/#\\\/schema\\\/logo\\\/image\\\/\"}}]}<\/script>\n<!-- \/ Yoast SEO plugin. -->","yoast_head_json":{"title":"Links - Fly Tirol","robots":{"index":"index","follow":"follow","max-snippet":"max-snippet:-1","max-image-preview":"max-image-preview:large","max-video-preview":"max-video-preview:-1"},"canonical":"https:\/\/www.fly-tirol.at\/?page_id=68","og_locale":"de_DE","og_type":"article","og_title":"Links - Fly Tirol","og_description":"Links Einige n\u00fctzliche Links DHV-Flugwetter XC-Planning Windvorhersagen Windy LAWIS Wetterstationen F\u00f6hndiagramm Holfuy Wetterstation Haag Austrocontrol Flugwetter Paraglideable Meteo Parapente H\u00f6henwind\u00fcbersicht National Airspace Use Plan Austria","og_url":"https:\/\/www.fly-tirol.at\/?page_id=68","og_site_name":"Fly Tirol","article_modified_time":"2026-03-10T10:32:49+00:00","twitter_card":"summary_large_image","schema":{"@context":"https:\/\/schema.org","@graph":[{"@type":"WebPage","@id":"https:\/\/www.fly-tirol.at\/?page_id=68","url":"https:\/\/www.fly-tirol.at\/?page_id=68","name":"Links - Fly Tirol","isPartOf":{"@id":"https:\/\/www.fly-tirol.at\/#website"},"datePublished":"2017-03-14T15:23:49+00:00","dateModified":"2026-03-10T10:32:49+00:00","breadcrumb":{"@id":"https:\/\/www.fly-tirol.at\/?page_id=68#breadcrumb"},"inLanguage":"de","potentialAction":[{"@type":"ReadAction","target":["https:\/\/www.fly-tirol.at\/?page_id=68"]}]},{"@type":"BreadcrumbList","@id":"https:\/\/www.fly-tirol.at\/?page_id=68#breadcrumb","itemListElement":[{"@type":"ListItem","position":1,"name":"Start","item":"https:\/\/www.fly-tirol.at\/"},{"@type":"ListItem","position":2,"name":"Links"}]},{"@type":"WebSite","@id":"https:\/\/www.fly-tirol.at\/#website","url":"https:\/\/www.fly-tirol.at\/","name":"Fly Tirol","description":"Drachen und Paragleiter Verein Fieberbrunn","publisher":{"@id":"https:\/\/www.fly-tirol.at\/#organization"},"potentialAction":[{"@type":"SearchAction","target":{"@type":"EntryPoint","urlTemplate":"https:\/\/www.fly-tirol.at\/?s={search_term_string}"},"query-input":{"@type":"PropertyValueSpecification","valueRequired":true,"valueName":"search_term_string"}}],"inLanguage":"de"},{"@type":"Organization","@id":"https:\/\/www.fly-tirol.at\/#organization","name":"DFC Fieberbrunn","url":"https:\/\/www.fly-tirol.at\/","logo":{"@type":"ImageObject","inLanguage":"de","@id":"https:\/\/www.fly-tirol.at\/#\/schema\/logo\/image\/","url":"https:\/\/www.fly-tirol.at\/wp-content\/uploads\/2026\/04\/Logo-transparent.png","contentUrl":"https:\/\/www.fly-tirol.at\/wp-content\/uploads\/2026\/04\/Logo-transparent.png","width":894,"height":275,"caption":"DFC Fieberbrunn"},"image":{"@id":"https:\/\/www.fly-tirol.at\/#\/schema\/logo\/image\/"}}]}},"_links":{"self":[{"href":"https:\/\/www.fly-tirol.at\/index.php?rest_route=\/wp\/v2\/pages\/68","targetHints":{"allow":["GET"]}}],"collection":[{"href":"https:\/\/www.fly-tirol.at\/index.php?rest_route=\/wp\/v2\/pages"}],"about":[{"href":"https:\/\/www.fly-tirol.at\/index.php?rest_route=\/wp\/v2\/types\/page"}],"author":[{"embeddable":true,"href":"https:\/\/www.fly-tirol.at\/index.php?rest_route=\/wp\/v2\/users\/4"}],"replies":[{"embeddable":true,"href":"https:\/\/www.fly-tirol.at\/index.php?rest_route=%2Fwp%2Fv2%2Fcomments&post=68"}],"version-history":[{"count":4,"href":"https:\/\/www.fly-tirol.at\/index.php?rest_route=\/wp\/v2\/pages\/68\/revisions"}],"predecessor-version":[{"id":974,"href":"https:\/\/www.fly-tirol.at\/index.php?rest_route=\/wp\/v2\/pages\/68\/revisions\/974"}],"wp:attachment":[{"href":"https:\/\/www.fly-tirol.at\/index.php?rest_route=%2Fwp%2Fv2%2Fmedia&parent=68"}],"curies":[{"name":"wp","href":"https:\/\/api.w.org\/{rel}","templated":true}]}}